{"id":15,"date":"2015-05-05T11:24:52","date_gmt":"2015-05-05T11:24:52","guid":{"rendered":"http:\/\/lovaasgjerstad.no\/jaerhons\/?page_id=15"},"modified":"2019-03-02T12:27:34","modified_gmt":"2019-03-02T12:27:34","slug":"utstillingen","status":"publish","type":"page","link":"https:\/\/lovaasgjerstad.no\/jaerhons\/?page_id=15","title":{"rendered":"Utstillingen"},"content":{"rendered":"<p><img fetchpriority=\"high\" decoding=\"async\" class=\"alignleft size-full wp-image-75\" src=\"http:\/\/lovaasgjerstad.no\/jaerhons\/wp-content\/uploads\/2019\/03\/utstilling_1a.png\" alt=\"\" width=\"567\" height=\"352\" srcset=\"https:\/\/lovaasgjerstad.no\/jaerhons\/wp-content\/uploads\/2019\/03\/utstilling_1a.png 567w, https:\/\/lovaasgjerstad.no\/jaerhons\/wp-content\/uploads\/2019\/03\/utstilling_1a-300x186.png 300w\" sizes=\"(max-width: 567px) 100vw, 567px\" \/>Utstillingen best\u00e5r av 12 postere p\u00e5 roll-ups system (m\u00e5l 85 x 200 cm). Den krever 100-150 kvm utstillingsareal, ettersom hvordan den stilles opp. Posterne er kronologsik og tematisk bygget opp p\u00e5 tekstmateriell som spenner nesten 150 \u00e5r om norsk h\u00f8nsehold rettet mot v\u00e5r egen landh\u00f8nsrase. Utstillingen egner seg godt til museer eller andre utstillingsarenaer som har landbruk eller husdyrhold som sitt formidlingsfelt.<\/p>\n<p>Utstillingen kan komplementeres med egne utstillinger av tradisjonelle gjenstander som er typisk for h\u00f8nseholdet i Norge. Kontat med eiere av J\u00e6rh\u00f8ns formidles gjerne, dersom det er \u00f8nskelig \u00e5 kombinere med framvining av levende h\u00f8ns.<\/p>\n<p>Formidling til barn og unge passer godt med en formidler som forteller om h\u00f8nseholdet i Norge, hvorfor vi holder h\u00f8ns som husdyr og bruken av egg som et produkt.<\/p>\n<p>Hvordan livet blir til i et egg er et godt utgangspunkt til \u00e5 introdusere biologi for barn i tdlig skolealder.<\/p>\n<p>Teksten i utstillingen retter seg til et pubikum med interesse for J\u00e6rh\u00f8nas spesielle utvikling og unike egenskaper i et lengre tidsperspektiv. Postere forteller i stor del hver sin del av historien og formidler de uliek sidene ved livlige rasen.<\/p>\n<p>Her kan du se mindre bilder av posterne:<\/p>\n<p><img decoding=\"async\" class=\"alignleft wp-image-77 size-medium\" src=\"http:\/\/lovaasgjerstad.no\/jaerhons\/wp-content\/uploads\/2019\/03\/Jaerhons_1-117x300.jpg\" alt=\"\" width=\"117\" height=\"300\" srcset=\"https:\/\/lovaasgjerstad.no\/jaerhons\/wp-content\/uploads\/2019\/03\/Jaerhons_1-117x300.jpg 117w, https:\/\/lovaasgjerstad.no\/jaerhons\/wp-content\/uploads\/2019\/03\/Jaerhons_1-768x1966.jpg 768w, https:\/\/lovaasgjerstad.no\/jaerhons\/wp-content\/uploads\/2019\/03\/Jaerhons_1-400x1024.jpg 400w, https:\/\/lovaasgjerstad.no\/jaerhons\/wp-content\/uploads\/2019\/03\/Jaerhons_1.jpg 1384w\" sizes=\"(max-width: 117px) 100vw, 117px\" \/><img decoding=\"async\" class=\"alignleft wp-image-78 size-medium\" src=\"http:\/\/lovaasgjerstad.no\/jaerhons\/wp-content\/uploads\/2019\/03\/Jaerhons_2-117x300.jpg\" alt=\"\" width=\"117\" height=\"300\" srcset=\"https:\/\/lovaasgjerstad.no\/jaerhons\/wp-content\/uploads\/2019\/03\/Jaerhons_2-117x300.jpg 117w, https:\/\/lovaasgjerstad.no\/jaerhons\/wp-content\/uploads\/2019\/03\/Jaerhons_2-768x1966.jpg 768w, https:\/\/lovaasgjerstad.no\/jaerhons\/wp-content\/uploads\/2019\/03\/Jaerhons_2-400x1024.jpg 400w, https:\/\/lovaasgjerstad.no\/jaerhons\/wp-content\/uploads\/2019\/03\/Jaerhons_2.jpg 1384w\" sizes=\"(max-width: 117px) 100vw, 117px\" \/><img loading=\"lazy\" decoding=\"async\" class=\"alignleft wp-image-79 size-medium\" src=\"http:\/\/lovaasgjerstad.no\/jaerhons\/wp-content\/uploads\/2019\/03\/Jaerhons_3-117x300.jpg\" alt=\"\" width=\"117\" height=\"300\" srcset=\"https:\/\/lovaasgjerstad.no\/jaerhons\/wp-content\/uploads\/2019\/03\/Jaerhons_3-117x300.jpg 117w, https:\/\/lovaasgjerstad.no\/jaerhons\/wp-content\/uploads\/2019\/03\/Jaerhons_3-768x1966.jpg 768w, https:\/\/lovaasgjerstad.no\/jaerhons\/wp-content\/uploads\/2019\/03\/Jaerhons_3-400x1024.jpg 400w, https:\/\/lovaasgjerstad.no\/jaerhons\/wp-content\/uploads\/2019\/03\/Jaerhons_3.jpg 1384w\" sizes=\"(max-width: 117px) 100vw, 117px\" \/><\/p>\n<p><img loading=\"lazy\" decoding=\"async\" class=\"alignleft size-medium wp-image-80\" src=\"http:\/\/lovaasgjerstad.no\/jaerhons\/wp-content\/uploads\/2019\/03\/Jaerhons_4-117x300.jpg\" alt=\"\" width=\"117\" height=\"300\" srcset=\"https:\/\/lovaasgjerstad.no\/jaerhons\/wp-content\/uploads\/2019\/03\/Jaerhons_4-117x300.jpg 117w, https:\/\/lovaasgjerstad.no\/jaerhons\/wp-content\/uploads\/2019\/03\/Jaerhons_4-768x1966.jpg 768w, https:\/\/lovaasgjerstad.no\/jaerhons\/wp-content\/uploads\/2019\/03\/Jaerhons_4-400x1024.jpg 400w, https:\/\/lovaasgjerstad.no\/jaerhons\/wp-content\/uploads\/2019\/03\/Jaerhons_4.jpg 1384w\" sizes=\"(max-width: 117px) 100vw, 117px\" \/> <img loading=\"lazy\" decoding=\"async\" class=\"alignleft size-medium wp-image-81\" src=\"http:\/\/lovaasgjerstad.no\/jaerhons\/wp-content\/uploads\/2019\/03\/Jaerhons_5-117x300.jpg\" alt=\"\" width=\"117\" height=\"300\" srcset=\"https:\/\/lovaasgjerstad.no\/jaerhons\/wp-content\/uploads\/2019\/03\/Jaerhons_5-117x300.jpg 117w, https:\/\/lovaasgjerstad.no\/jaerhons\/wp-content\/uploads\/2019\/03\/Jaerhons_5-768x1966.jpg 768w, https:\/\/lovaasgjerstad.no\/jaerhons\/wp-content\/uploads\/2019\/03\/Jaerhons_5-400x1024.jpg 400w, https:\/\/lovaasgjerstad.no\/jaerhons\/wp-content\/uploads\/2019\/03\/Jaerhons_5.jpg 1384w\" sizes=\"(max-width: 117px) 100vw, 117px\" \/> <img loading=\"lazy\" decoding=\"async\" class=\"alignleft size-medium wp-image-82\" src=\"http:\/\/lovaasgjerstad.no\/jaerhons\/wp-content\/uploads\/2019\/03\/Jaerhons_6-117x300.jpg\" alt=\"\" width=\"117\" height=\"300\" srcset=\"https:\/\/lovaasgjerstad.no\/jaerhons\/wp-content\/uploads\/2019\/03\/Jaerhons_6-117x300.jpg 117w, https:\/\/lovaasgjerstad.no\/jaerhons\/wp-content\/uploads\/2019\/03\/Jaerhons_6-768x1966.jpg 768w, https:\/\/lovaasgjerstad.no\/jaerhons\/wp-content\/uploads\/2019\/03\/Jaerhons_6-400x1024.jpg 400w, https:\/\/lovaasgjerstad.no\/jaerhons\/wp-content\/uploads\/2019\/03\/Jaerhons_6.jpg 1384w\" sizes=\"(max-width: 117px) 100vw, 117px\" \/> <img loading=\"lazy\" decoding=\"async\" class=\"alignleft size-medium wp-image-83\" src=\"http:\/\/lovaasgjerstad.no\/jaerhons\/wp-content\/uploads\/2019\/03\/Jaerhons_7-117x300.jpg\" alt=\"\" width=\"117\" height=\"300\" srcset=\"https:\/\/lovaasgjerstad.no\/jaerhons\/wp-content\/uploads\/2019\/03\/Jaerhons_7-117x300.jpg 117w, https:\/\/lovaasgjerstad.no\/jaerhons\/wp-content\/uploads\/2019\/03\/Jaerhons_7-768x1966.jpg 768w, https:\/\/lovaasgjerstad.no\/jaerhons\/wp-content\/uploads\/2019\/03\/Jaerhons_7-400x1024.jpg 400w, https:\/\/lovaasgjerstad.no\/jaerhons\/wp-content\/uploads\/2019\/03\/Jaerhons_7.jpg 1384w\" sizes=\"(max-width: 117px) 100vw, 117px\" \/><img loading=\"lazy\" decoding=\"async\" class=\"alignleft size-medium wp-image-84\" src=\"http:\/\/lovaasgjerstad.no\/jaerhons\/wp-content\/uploads\/2019\/03\/Jaerhons_8-117x300.jpg\" alt=\"\" width=\"117\" height=\"300\" srcset=\"https:\/\/lovaasgjerstad.no\/jaerhons\/wp-content\/uploads\/2019\/03\/Jaerhons_8-117x300.jpg 117w, https:\/\/lovaasgjerstad.no\/jaerhons\/wp-content\/uploads\/2019\/03\/Jaerhons_8-768x1966.jpg 768w, https:\/\/lovaasgjerstad.no\/jaerhons\/wp-content\/uploads\/2019\/03\/Jaerhons_8-400x1024.jpg 400w, https:\/\/lovaasgjerstad.no\/jaerhons\/wp-content\/uploads\/2019\/03\/Jaerhons_8.jpg 1384w\" sizes=\"(max-width: 117px) 100vw, 117px\" \/> <img loading=\"lazy\" decoding=\"async\" class=\"alignleft size-medium wp-image-85\" src=\"http:\/\/lovaasgjerstad.no\/jaerhons\/wp-content\/uploads\/2019\/03\/Jaerhons_9-117x300.jpg\" alt=\"\" width=\"117\" height=\"300\" srcset=\"https:\/\/lovaasgjerstad.no\/jaerhons\/wp-content\/uploads\/2019\/03\/Jaerhons_9-117x300.jpg 117w, https:\/\/lovaasgjerstad.no\/jaerhons\/wp-content\/uploads\/2019\/03\/Jaerhons_9-768x1966.jpg 768w, https:\/\/lovaasgjerstad.no\/jaerhons\/wp-content\/uploads\/2019\/03\/Jaerhons_9-400x1024.jpg 400w, https:\/\/lovaasgjerstad.no\/jaerhons\/wp-content\/uploads\/2019\/03\/Jaerhons_9.jpg 1384w\" sizes=\"(max-width: 117px) 100vw, 117px\" \/> <img loading=\"lazy\" decoding=\"async\" class=\"alignleft size-medium wp-image-86\" src=\"http:\/\/lovaasgjerstad.no\/jaerhons\/wp-content\/uploads\/2019\/03\/Jaerhons_10-117x300.jpg\" alt=\"\" width=\"117\" height=\"300\" srcset=\"https:\/\/lovaasgjerstad.no\/jaerhons\/wp-content\/uploads\/2019\/03\/Jaerhons_10-117x300.jpg 117w, https:\/\/lovaasgjerstad.no\/jaerhons\/wp-content\/uploads\/2019\/03\/Jaerhons_10-768x1966.jpg 768w, https:\/\/lovaasgjerstad.no\/jaerhons\/wp-content\/uploads\/2019\/03\/Jaerhons_10-400x1024.jpg 400w, https:\/\/lovaasgjerstad.no\/jaerhons\/wp-content\/uploads\/2019\/03\/Jaerhons_10.jpg 1384w\" sizes=\"(max-width: 117px) 100vw, 117px\" \/> <img loading=\"lazy\" decoding=\"async\" class=\"alignleft size-medium wp-image-87\" src=\"http:\/\/lovaasgjerstad.no\/jaerhons\/wp-content\/uploads\/2019\/03\/Jaerhons_11-117x300.jpg\" alt=\"\" width=\"117\" height=\"300\" srcset=\"https:\/\/lovaasgjerstad.no\/jaerhons\/wp-content\/uploads\/2019\/03\/Jaerhons_11-117x300.jpg 117w, https:\/\/lovaasgjerstad.no\/jaerhons\/wp-content\/uploads\/2019\/03\/Jaerhons_11-768x1966.jpg 768w, https:\/\/lovaasgjerstad.no\/jaerhons\/wp-content\/uploads\/2019\/03\/Jaerhons_11-400x1024.jpg 400w, https:\/\/lovaasgjerstad.no\/jaerhons\/wp-content\/uploads\/2019\/03\/Jaerhons_11.jpg 1384w\" sizes=\"(max-width: 117px) 100vw, 117px\" \/> <img loading=\"lazy\" decoding=\"async\" class=\"alignleft size-medium wp-image-74\" src=\"http:\/\/lovaasgjerstad.no\/jaerhons\/wp-content\/uploads\/2019\/03\/Jaerhons_12-117x300.jpg\" alt=\"\" width=\"117\" height=\"300\" srcset=\"https:\/\/lovaasgjerstad.no\/jaerhons\/wp-content\/uploads\/2019\/03\/Jaerhons_12-117x300.jpg 117w, https:\/\/lovaasgjerstad.no\/jaerhons\/wp-content\/uploads\/2019\/03\/Jaerhons_12-768x1966.jpg 768w, https:\/\/lovaasgjerstad.no\/jaerhons\/wp-content\/uploads\/2019\/03\/Jaerhons_12-400x1024.jpg 400w, https:\/\/lovaasgjerstad.no\/jaerhons\/wp-content\/uploads\/2019\/03\/Jaerhons_12.jpg 1384w\" sizes=\"(max-width: 117px) 100vw, 117px\" \/><\/p>\n","protected":false},"excerpt":{"rendered":"<p>Utstillingen best\u00e5r av 12 postere p\u00e5 roll-ups system (m\u00e5l 85 x 200 cm). Den krever 100-150 kvm utstillingsareal, ettersom hvordan den stilles opp. Posterne er kronologsik og tematisk bygget opp p\u00e5 tekstmateriell som spenner nesten 150 \u00e5r om norsk h\u00f8nsehold rettet mot v\u00e5r egen landh\u00f8nsrase. Utstillingen egner seg godt til museer eller andre utstillingsarenaer som [&hellip;]<\/p>\n","protected":false},"author":1,"featured_media":0,"parent":0,"menu_order":0,"comment_status":"closed","ping_status":"closed","template":"","meta":{"footnotes":""},"class_list":["post-15","page","type-page","status-publish","hentry"],"_links":{"self":[{"href":"https:\/\/lovaasgjerstad.no\/jaerhons\/index.php?rest_route=\/wp\/v2\/pages\/15","targetHints":{"allow":["GET"]}}],"collection":[{"href":"https:\/\/lovaasgjerstad.no\/jaerhons\/index.php?rest_route=\/wp\/v2\/pages"}],"about":[{"href":"https:\/\/lovaasgjerstad.no\/jaerhons\/index.php?rest_route=\/wp\/v2\/types\/page"}],"author":[{"embeddable":true,"href":"https:\/\/lovaasgjerstad.no\/jaerhons\/index.php?rest_route=\/wp\/v2\/users\/1"}],"replies":[{"embeddable":true,"href":"https:\/\/lovaasgjerstad.no\/jaerhons\/index.php?rest_route=%2Fwp%2Fv2%2Fcomments&post=15"}],"version-history":[{"count":3,"href":"https:\/\/lovaasgjerstad.no\/jaerhons\/index.php?rest_route=\/wp\/v2\/pages\/15\/revisions"}],"predecessor-version":[{"id":89,"href":"https:\/\/lovaasgjerstad.no\/jaerhons\/index.php?rest_route=\/wp\/v2\/pages\/15\/revisions\/89"}],"wp:attachment":[{"href":"https:\/\/lovaasgjerstad.no\/jaerhons\/index.php?rest_route=%2Fwp%2Fv2%2Fmedia&parent=15"}],"curies":[{"name":"wp","href":"https:\/\/api.w.org\/{rel}","templated":true}]}}