{"id":28,"date":"2015-05-05T11:39:54","date_gmt":"2015-05-05T11:39:54","guid":{"rendered":"http:\/\/lovaasgjerstad.no\/jaerhons\/?page_id=28"},"modified":"2019-03-02T11:40:21","modified_gmt":"2019-03-02T11:40:21","slug":"om-lovaas-gjerstad","status":"publish","type":"page","link":"https:\/\/lovaasgjerstad.no\/jaerhons\/?page_id=28","title":{"rendered":"Om L\u00f8vaas Gjerstad"},"content":{"rendered":"<p>Her kommer det mer om L\u00f8vaas Gjerstad. Du kan ogs\u00e5 bes\u00f8ke\u00a0<a href=\"http:\/\/www.lovaasgjerstad.no\/\">www.lovaasgjerstad.no<\/a>\u00a0for mer informasjon.<\/p>\n","protected":false},"excerpt":{"rendered":"<p>Her kommer det mer om L\u00f8vaas Gjerstad. Du kan ogs\u00e5 bes\u00f8ke\u00a0www.lovaasgjerstad.no\u00a0for mer informasjon.<\/p>\n","protected":false},"author":1,"featured_media":0,"parent":0,"menu_order":0,"comment_status":"closed","ping_status":"closed","template":"","meta":{"footnotes":""},"class_list":["post-28","page","type-page","status-publish","hentry"],"_links":{"self":[{"href":"https:\/\/lovaasgjerstad.no\/jaerhons\/index.php?rest_route=\/wp\/v2\/pages\/28","targetHints":{"allow":["GET"]}}],"collection":[{"href":"https:\/\/lovaasgjerstad.no\/jaerhons\/index.php?rest_route=\/wp\/v2\/pages"}],"about":[{"href":"https:\/\/lovaasgjerstad.no\/jaerhons\/index.php?rest_route=\/wp\/v2\/types\/page"}],"author":[{"embeddable":true,"href":"https:\/\/lovaasgjerstad.no\/jaerhons\/index.php?rest_route=\/wp\/v2\/users\/1"}],"replies":[{"embeddable":true,"href":"https:\/\/lovaasgjerstad.no\/jaerhons\/index.php?rest_route=%2Fwp%2Fv2%2Fcomments&post=28"}],"version-history":[{"count":1,"href":"https:\/\/lovaasgjerstad.no\/jaerhons\/index.php?rest_route=\/wp\/v2\/pages\/28\/revisions"}],"predecessor-version":[{"id":29,"href":"https:\/\/lovaasgjerstad.no\/jaerhons\/index.php?rest_route=\/wp\/v2\/pages\/28\/revisions\/29"}],"wp:attachment":[{"href":"https:\/\/lovaasgjerstad.no\/jaerhons\/index.php?rest_route=%2Fwp%2Fv2%2Fmedia&parent=28"}],"curies":[{"name":"wp","href":"https:\/\/api.w.org\/{rel}","templated":true}]}}